 = -9*s**3 + 91*s**2 - 89*s - 9. Give l(9).
0
Let a(v) = -4*v**2 + 78*v + 61. Give a(20).
21
Let g(w) = w**3 + 144*w**2 - 4*w - 586. Give g(-144).
-10
Let x(y) = -18*y - 20. Calculate x(1).
-38
Let c(v) = 48*v**3 + v**2 - 1. Give c(-1).
-48
Let w(k) = 4*k**2 + 23*k - 50. Give w(-7).
-15
Let o(a) = a**2 - 2*a - 39. Determine o(7).
-4
Let b(r) = 2*r**2 + 147*r + 170. Give b(-76).
550
Let c(y) = 26*y**2 + 898*y - 899. Give c(1).
25
Let s(v) = -16*v**2 + 388*v - 123. Calculate s(24).
-27
Let y(o) = o**2 - 232*o + 6417. Calculate y(200).
17
Let b(p) = p**3 - 10*p**2 - 29*p - 22. Give b(10).
-312
Let u(m) = m**3 - 9*m**2 - 11*m - 5. Calculate u(0).
-5
Let w(g) = g**2 - 23916*g + 215155. What is w(9)?
-8
Let j(a) = 428*a - 13824. Calculate j(32).
-128
Let u(k) = -k**3 - 211*k - 646. Determine u(-3).
14
Let y(j) = j**3 + 36*j**2 + 294*j - 303. Give y(-22).
5
Let v(b) = 1997*b - 11925. Determine v(6).
57
Let g(z) = z**2 - 53*z + 423. What is g(40)?
-97
Let b(o) = o**2 - 44*o + 40. What is b(44)?
40
Let d(p) = -p**2 + 146*p + 5264. Calculate d(-30).
-16
Let z(d) = -1079*d + 6466. Give z(6).
-8
Let p(u) = 1184*u - 3558. Determine p(3).
-6
Let w(f) = 43*f + 271. Determine w(-8).
-73
Let v(a) = -18*a - 322. Calculate v(-17).
-16
Let l(w) = -272*w + 3269. What is l(12)?
5
Let q(a) = -14*a + 906. Give q(62).
38
Let h(v) = -964*v + 1934. Calculate h(2).
6
Let k(t) = -t**3 - 29*t**2 + 36*t + 1042. Give k(-29).
-2
Let n(g) = 44*g + 235. What is n(-15)?
-425
Let h(b) = -b - 57. Give h(11).
-68
Let n(c) = -180*c - 362. What is n(-2)?
-2
Let q(x) = 4*x**2 - 38*x + 51. Determine q(10).
71
Let r(m) = m**2 + 71*m - 19909. Give r(110).
1
Let z(s) = -35*s**2 - 6*s + 4. What is z(1)?
-37
Let s(u) = 4*u**2 - 81*u + 366. What is s(7)?
-5
Let g(u) = -u**3 + 53*u**2 - 107*u + 144. Determine g(51).
-111
Let l(o) = -o**2 + 20*o + 68. What is l(22)?
24
Let i(d) = -3*d**2 + 9*d + 15. Give i(-3).
-39
Let c(t) = -t**3 - 10*t**2 + 82*t + 691. Calculate c(-12).
-5
Let j(r) = 180*r - 2111. Give j(12).
49
Let b(m) = 15*m**2 - 419*m - 27. Determine b(28).
1
Let o(x) = 2*x**2 + 43*x + 26. What is o(-10)?
-204
Let s(l) = -8*l - 288. What is s(-38)?
16
Let k(y) = -277*y + 1272. Determine k(4).
164
Let n(u) = -1140*u - 16009. Determine n(-14).
-49
Let w(t) = t**3 - 37*t**2 + 11*t + 146. Determine w(37).
553
Let d(f) = 2*f**3 + 62*f**2 - 63*f + 61. Give d(-32).
29
Let i(o) = 103*o - 5905. Give i(59).
172
Let y(x) = -x**3 + 68*x + 36. What is y(-8)?
4
Let b(v) = -v**3 + 61*v**2 - 274*v + 12845. Determine b(60).
5
Let l(z) = 166*z - 9986. Determine l(60).
-26
Let b(g) = -g**3 + 59*g**2 - 320*g + 105. Give b(53).
-1
Let r(k) = -3*k**2 + 60*k - 74. What is r(17)?
79
Let k(m) = 3*m**2 - 273*m + 2511. What is k(10)?
81
Let m(b) = -204*b + 6720. What is m(33)?
-12
Let d(r) = -911*r - 10028. What is d(-11)?
-7
Let r(b) = b**2 - 11125. What is r(105)?
-100
Let r(h) = 4*h**2 - 93*h + 17. Calculate r(27).
422
Let m(a) = 2*a**2 - 17*a - 55. What is m(7)?
-76
Let u(j) = 2*j**2 - 58*j + 99. Give u(2).
-9
Let z(g) = g**2 - 39*g + 379. Calculate z(23).
11
Let s(t) = 105*t + 1278. Calculate s(-10).
228
Let h(d) = d**2 + 11*d + 37. Calculate h(9).
217
Let m(i) = -i**3 + 13*i**2 - 4*i + 27. Determine m(8).
315
Let x(q) = -93*q - 234. What is x(-6)?
324
Let s(q) = 12*q**3 - 6*q**2 - q. Determine s(-1).
-17
Let g(j) = -j**2 + 13*j + 80. Calculate g(18).
-10
Let v(b) = -403*b - 47. Determine v(0).
-47
Let w(y) = 2*y**2 + 166*y + 329. What is w(-2)?
5
Let q(m) = m**3 - 141*m**2 + 1069*m - 680. Give q(133).
-15
Let v(b) = b**3 - 7*b**2 + 35*b - 94. Determine v(4).
-2
Let k(l) = -265*l**2 - 1860*l - 34. What is k(-7)?
1
Let i(u) = 18*u - 772. Determine i(42).
-16
Let h(r) = -r**3 + r**2 + 29*r + 35. Calculate h(-6).
113
Let w(o) = 2*o**2 + 8*o - 133. Determine w(-10).
-13
Let d(o) = 2*o**3 - 118*o**2 + 1745*o - 157. Determine d(29).
-12
Let j(d) = d + 128. Give j(-19).
109
Let u(v) = -v**3 + v**2 - 5*v + 4. Calculate u(1).
-1
Let p(j) = 2*j**3 - 15*j**2 + 11*j + 32. Determine p(7).
60
Let n(o) = o**2 + 84*o - 1306. Determine n(-100).
294
Let n(w) = -w**3 + 118*w**2 - 254*w - 4. Give n(0).
-4
Let f(j) = -j**3 - 4*j**2 + 34*j - 3. What is f(-9)?
96
Let t(m) = m**3 - 62*m**2 + m - 79. What is t(62)?
-17
Let d(f) = 28*f**3 - f**2 - 43*f + 43. Determine d(1).
27
Let w(g) = 3*g**3 + 13*g**2 - 57*g + 60. What is w(-8)?
-188
Let c(v) = -3*v**3 - 22*v**2 - 47*v - 11. Determine c(-2).
19
Let j(v) = -v**3 - 53*v**2 + 119*v + 188. What is j(-55)?
-307
Let o(n) = -8*n**3 + 21*n**2 + 52*n + 11. Determine o(-2).
55
Let g(o) = -3*o - 46. What is g(-27)?
35
Let c(f) = f**2 - 19*f - 17. Calculate c(26).
165
Let y(b) = -b**3 + 9*b**2 - 4*b - 42. Calculate y(8).
-10
Let y(r) = -r**2 - 1866*r - 2. Determine y(0).
-2
Let t(s) = -s**3 - 14*s**2 - 18*s + 7. Give t(-8).
-233
Let k(f) = 2*f**2 - 88*f - 275. Give k(46).
-91
Let t(i) = -15*i + 296. Give t(19).
11
Let q(y) = -y**3 + 16*y**2 - 57*y - 54. Determine q(9).
0
Let m(q) = 200*q - 5391. Calculate m(27).
9
Let d(p) = 6*p**2 + 646*p + 1879. Calculate d(-3).
-5
Let l(o) = -5*o**3 - 10*o**2 + 23*o - 3. Calculate l(4).
-391
Let l(p) = 30*p**2 + 126*p + 335. Determine l(-3).
227
Let x(l) = -374*l + 8985. What is x(24)?
9
Let x(v) = -34135*v - 5. Calculate x(0).
-5
Let y(x) = 12731*x - 38202. Determine y(3).
-9
Let p(h) = h**3 + 32*h**2 - 29*h - 6. What is p(-33)?
-138
Let m(j) = j**2 + 109*j + 211. What is m(-2)?
-3
Let y(k) = 3*k**3 + 17*k**2 + 15*k - 15. Determine y(-4).
5
Let l(b) = 21*b**3 - b**2 + 15*b - 24. Give l(2).
170
Let y(c) = c**2 - 312*c - 14469. Determine y(-41).
4
Let m(s) = -247*s**2 - 3*s + 1. Give m(1).
-249
Let o(x) = -34*x - 920. Calculate o(-27).
-2
Let n(f) = f**3 - 11*f**2 - 84*f + 890. Determine n(9).
-28
Let i(d) = 2*d**2 + 2*d - 164. Calculate i(8).
-20
Let w(p) = -21*p**3 + 4*p**2 - p - 1. Determine w(1).
-19
Let j(k) = -474*k + 5216. What is j(11)?
2
Let d(p) = -2*p**3 + 12*p**2 - 149*p + 910. Calculate d(6).
16
Let p(w) = w**2 - 2*w + 25. Determine p(-7).
88
Let i(f) = -5*f + 143. What is i(27)?
8
Let x(w) = w**3 - 28*w**2 + 9*w + 4. What is x(28)?
256
Let q(s) = -3*s**2 - 625*s + 1260. Determine q(2).
-2
Let o(a) = 231*a - 2304. What is o(10)?
6
Let p(i) = -i**3 + 11*i**2 - 44*i + 226. What is p(9)?
-8
Let g(a) = 368*a + 1306. Determine g(-4).
-166
Let k(x) = -3*x**3 - 6*x**2 + 14*x - 15. Give k(2).
-35
Let s(d) = -305*d - 4278. Determine s(-14).
-8
Let o(u) = -u**2 + 7*u - 59. Determine o(10).
-89
Let s(w) = -17*w + 451. Calculate s(5).
366
Let s(b) = b**2 - 6*b - 44. Give s(-5).
11
Let x(y) = -6*y**3 + 327*y**2 - 161*y - 54. Calculate x(54).
0
Let a(x) = 22*x**2 - 14*x + 13. Calculate a(1).
21
Let c(w) = -w**3 + 2*w**2 + 158*w - 195. Calculate c(13).
0
Let h(o) = 104*o - 1108. What is h(11)?
36
Let o(r) = -r**2 - 9*r + 6. Determine o(-12).
-30
Let a(m) = -6*m**3 + 9*m**2 - 3*m - 3. Give a(2).
-21
Let l(x) = x**3 - 138*x**2 + 416*x - 1486. Give l(135).
-1
Let l(x) = x**3 - 52*x**2 + 315*x + 4. Calculate l(45).
4
Let n(d) = -4*d**2 - 339*d + 192. Give n(-85).
107
Let o(k) = -k**2 + 57*k - 805. What is o(33)?
-13
Let w(y) = -44*y - 245. Determine w(-7).
63
Let d(u) = 15*u - 311. Give d(15).
-86
Let i(q) = -q - 23. Give i(-28).
5
Let v(p) = p**3 + 75*p**2 + 17*p + 1257. Determine v(-75).
-18
Let k(h) = -2*h**2 + 88*h - 733. Give k(33).
-7
Let o(a) = -10*a**2 + 4*a + 2. Give o(-1).
-12
Let c(a) = 4*a**3 + 5*a**2 + a - 12. What is c(-3)?
-78
Let n(c) = -408*c**2 + 4488*c - 4. What is n(11)?
-4
Let m(l) = l**2 - 4*l - 94. Calculate m(0).
-94
Let j(m) = 3*m**3 + 9*m**2 + 2*m - 10. What is j(-4)?
-66
Let y(b) = -10*b**3 - 7*b**2 + 2*b + 10. Determine y(-2).
58
Let v(h) = 2*h**2 - 16*h - 13147. What is v(-77)?
-57
Let w(i) = -10*i - 261. What is w(-22)?
-41
Let r(u) = -244*u - 718. Calculate r(-3).
14
Let a(d) = -19*d**2 + 1574*d + 98. Give a(83).
-151
Let x(h) = h + 27. What is x(10)?
37
Let a(t) = -t**3 + 27*t**2 + 15*t - 436. What is a(27)?
-31
Let k(u) = 12*u**2 - 10*u - 29. Determine k(-4).
203
Let p(j) = -j**3 - 13*j**2 - 48*j + 47. Calculate p(-8).
111
Let h(g) = -g**2 + 50*g - 7. What is h(46)?
177
Let l(i) = i**3 + 10*i**2 + 11*i + 24. Calculate l(-9).
6
Let y(c) = -143*c + 391. Determine y(6).
-467
Let l(k) = -15*k**2 - 1887*k - 1511. Give l(-125).
-11